nder when v is divided by 19.
14
Suppose 3*s = v - 0*s - 17, -28 = -5*v - 4*s. Suppose 21 = -v*c + 45. Calculate the remainder when 8 is divided by c.
2
Suppose -3506 + 1870 = 33*c - 4375. Calculate the remainder when 6970 is divided by c.
81
Let p(o) = -o**3 + 42*o**2 - 3*o + 135. What is the remainder when 164 is divided by p(42)?
2
What is the remainder when 924 is divided by -1*5*(-27)/15?
6
Suppose -1014 = -164*i + 3578. Suppose 3*j - 272 = 5*a - 76, 0 = -4*j - a + 269. What is the remainder when j is divided by i?
11
Suppose 0 = 102*s + 68*s - 32470. What is the remainder when s is divided by 83?
25
Let o be 5 + 170/5 + -6. Suppose 0 = -15*g + o*g - 468. What is the remainder when 50 is divided by g?
24
What is the remainder when ((-848)/10)/((-250)/625) is divided by 107?
105
Let o = 91 - 138. Let c = 91 + o. Let d = c + -19. Calculate the remainder when d is divided by 7.
4
Let b(h) = -8*h**3 + 25*h**2 - h - 8. Let v(c) = -c**3 + c**2 + c + 1. Let a(z) = b(z) - 6*v(z). Calculate the remainder when 12 is divided by a(9).
0
Suppose 4*o - 104 = 5*z, -30 = -z - 26. Calculate the remainder when 636 is divided by o.
16
Suppose 0 = 12*c - 21*c + 4*c. Let a(f) = -f**3 + f**2 + 2*f - 2. Let m be a(2). What is the remainder when (c - -36) + 12/(-8)*m is divided by 21?
18
Let r = -2089 + 2166. Calculate the remainder when r is divided by 53.
24
Let i = -8059 - -8112. Calculate the remainder when 417 is divided by i.
46
Suppose 2*f - 8 = 4*t, 10*f = -2*t + 8*f - 10. Calculate the remainder when 147 is divided by 15/10*(-82)/t.
24
Let c(s) = 2*s**3 - 27*s**2 + 35*s + 97. Calculate the remainder when 1251 is divided by c(12).
61
Let u(m) = -6*m - 31. Let l be u(-5). Calculate the remainder when 21 is divided by (-37)/(-3) + 2/6*l.
9
Let d(o) = o**2 - 8*o + 9. Let c be ((-77)/22)/(2/(-4)). Calculate the remainder when (-8)/52 - 948/(-78) is divided by d(c).
0
Calculate the remainder when 937 is divided by (13 - 1 - 0)/(18/(-9)) - -73.
66
Let k = 17153 - 17116. Let r = 331 + 148. Calculate the remainder when r is divided by k.
35
Let w(s) = 9*s**3 - 24*s**2 + 52*s - 10. Let n(h) = -h + 7*h**2 + h + h**3 + 9 - 5*h. Calculate the remainder when w(3) is divided by n(-7).
41
Let i(y) = 18*y**3 - 4*y + 3. Let a(w) = -w**2 - 9*w - 13. Let u be a(-2). Suppose -81 = 10*m - 19*m. Calculate the remainder when i(u) is divided by m.
8
Let w be -2*(3969/(-54))/(6/8). Let s = w - 193. Calculate the remainder when 43 is divided by s.
1
What is the remainder when 5224 is divided by -3 + 27 + 315 - 12?
319
Suppose 0 = x - 5*d - 3961, d - 12 = -3*d. Suppose -x = -7*s - s. Calculate the remainder when s/3 - (-48)/36 is divided by 13.
11
Let s = 146 - 146. What is the remainder when s/8 + (-218 - 0)/(-1) is divided by 20?
18
Suppose 16959*r = 16982*r - 1633. What is the remainder when 1436 is divided by r?
16
Let g = 302 - -20. What is the remainder when g is divided by 13?
10
Suppose 3*n - 54 = 30. Let r be (14/(-4))/(7/(-4)). Suppose 2*y + r = 32. What is the remainder when n is divided by y?
13
Let j = -5713 + 6325. Calculate the remainder when j is divided by 44.
40
Let y = 77 + -60. Suppose -33*o = -21*o - 6696. Calculate the remainder when o is divided by y.
14
Calculate the remainder when 12/(-3) + (0 - -764) is divided by 373.
14
Let n(i) = 2*i**2 + 4*i - 6. Let f be n(-4). Let u(w) = -w**3 + 10*w**2 + 6*w - 24. Calculate the remainder when u(f) is divided by 15.
6
Suppose -8 = 5*x - 2*y, -3*x + 2*y = y + 5. Calculate the remainder when ((x - 1)/9)/((-13)/1014) is divided by 16.
10
Let z = -755 - 191. Suppose 69*h = 175*h - 4240. What is the remainder when 2/(-8) + z/(-8) is divided by h?
38
Let b be (18 + 0)/3 - -67. Let q = b + 93. What is the remainder when q is divided by 17?
13
Let q(w) = -w**3 - 4*w**2 - 9*w + 1. Let h(j) = 2*j**3 + 9*j**2 + 16*j - 1. Let g(s) = -3*h(s) - 5*q(s). Calculate the remainder when g(-7) is divided by 2.
1
Let g be ((-4)/20)/((-4)/20). Calculate the remainder when 91 is divided by 30/12*((-82)/(-10) + g).
22
Let s(u) = -u**2 + 16*u - 11. Let d(g) = -3 + 5 + 0 - 3 - 15*g. What is the remainder when s(4) is divided by d(-1)?
9
Suppose 0 = -y + z + 872, -2*y + 3*z = -0*y - 1743. Suppose -4*j - 3*v = -7*j + y, -4*j = v - 1149. What is the remainder when j is divided by 5?
3
Let s(c) = 11*c**3 - 58*c**2 - c + 102. Let u(l) = -7*l**3 + 39*l**2 + l - 68. Let y(w) = 5*s(w) + 8*u(w). Calculate the remainder when 122 is divided by y(22).
26
Let v(a) = -2*a**2 - 28*a - 38. Let q be v(-12). Let o(p) = -p + 76. Suppose -3*u + 29 = -22. What is the remainder when o(q) is divided by u?
15
Let o(s) = -1037*s - 15465. What is the remainder when 9269 is divided by o(-15)?
89
Suppose -5*i = -5*g - 455, 2*i - 3*i + 91 = 2*g. Let z = 105 - i. What is the remainder when 84 - 1/(-2)*-2 is divided by z?
13
Suppose 181 = o - 3*a, -o + 188 = 21*a - 17*a. Suppose 0 = -4*n + 5*s - 10*s + 124, 0 = 4*s. What is the remainder when o is divided by n?
29
Suppose 553 - 2889 = -16*d. What is the remainder when d is divided by 6?
2
Let a(z) = -57*z**2 + 1. Let t be a(1). Let n be 2236/(-36) + 6/54. Let c = t - n. What is the remainder when 28 is divided by c?
4
What is the remainder when (-1)/40*-15 + -1*33385/(-40) is divided by 216?
187
Let k(q) = q**3 - 3*q**2 - 5*q + 21. Suppose -3*i + 25 = d, 33 - 4 = 4*i - 3*d. What is the remainder when k(5) is divided by i?
6
Let o = -941 - -915. Let m = o - -516. What is the remainder when m is divided by 12?
10
Let i = -8818 - -8929. What is the remainder when 3655 is divided by i?
103
Let b(y) = -y**3 - 20*y**2 - 132*y - 8. Calculate the remainder when b(-17) is divided by 340.
9
Suppose -2*j + 267 = j + 2*z, -j + 79 = 4*z. Calculate the remainder when 446 is divided by j.
82
Let y = -12 + 170. Suppose -o - w + 2 + 1 = 0, -3*w = 3. What is the remainder when y is divided by o?
2
Suppose -2*n = -4 - 2. Calculate the remainder when 61/4 - 1/((-8)/6) is divided by n.
1
Let x(t) = t**2 - 5*t + 7. Let p(a) = -4*a - 39*a**3 + 27*a**3 + 14*a**3 - 7*a**2 + a - 13. Calculate the remainder when p(5) is divided by x(5).
5
Let x(o) = -5*o + 13*o - 7 - 5. Let s be x(4). Suppose 0 = -s*r + 24*r - 144. Calculate the remainder when r is divided by 19.
17
Let v be 11/((-99)/30)*(-1 - 2). Suppose -t + 11 = v*t. Suppose -4*i + 2*i = -5*b + 18, -4*i + 4*b = 12. What is the remainder when t is divided by i?
0
What is the remainder when 93 is divided by -4 + -2*(-342)/36?
3
Let o = 3517 - 3464. Calculate the remainder when 149 is divided by o.
43
Let y be 2 - -1*0/1. Suppose 4*a = 20, 0 = y*p - 6*p - 2*a + 318. Let o = 20 + 0. What is the remainder when p is divided by o?
17
Suppose -197*g + 7798 + 3481 = -9209. What is the remainder when 430 is divided by g?
14
Let o = -11921 - -12731. Calculate the remainder when o is divided by 255.
45
Let f(u) = 42*u - 13. Suppose -4*t + 84 = 76. What is the remainder when 140 is divided by f(t)?
69
Suppose -3*v + 50 = 176. Let l be 8/(-14)*(v/4)/3. Suppose -l*b = -b - 2, 5*m = 3*b + 504. What is the remainder when m is divided by 21?
18
Suppose 0 = -176*b + 36*b + 11340. Calculate the remainder when 1214 is divided by b.
80
Let n(j) = -2*j**3 - 2*j**2 + 3*j - 2. Let k be n(-2). Suppose k = -3*u + 2*u + 2. Suppose -u*i - 13 + 37 = 0. Calculate the remainder when 43 is divided by i.
7
Suppose l = 3*f - 36 + 134, 4*l - 2*f = 342. Suppose 8*j + 3*b = 7*j + 32, -4*j - b = -172. What is the remainder when l is divided by j?
39
Suppose -1092 = -0*z + 7*z. Let i = z - -174. What is the remainder when i is divided by 13?
5
Suppose 120*r - 144*r = -432. Calculate the remainder when (-378)/(-8) - (-5)/(-20) is divided by r.
11
Calculate the remainder when 29 is divided by (-42)/(-9)*((-136)/16 - -10).
1
Suppose 8*r + r = 90. Suppose -r = 4*y - 50. What is the remainder when 60 is divided by y/45 + (-115)/(-9)?
8
Let k(a) be the second derivative of -a**3/2 - 15*a**2 + 4*a - 2. Calculate the remainder when 128 is divided by k(-19).
20
Calculate the remainder when 7806 is divided by (-363)/(-19) + (-408)/476 + (-200)/(-266).
16
Let u(n) = 234*n + 2927. Calculate the remainder when 499 is divided by u(-12).
23
Let m(t) = 5*t**3 + 8*t**2 + 9*t + 22. Let o(l) = 6*l**3 + 7*l**2 + 10*l + 22. Let p(u) = -5*m(u) + 4*o(u